Calculate the greatest common divisor of t and q.
3
Suppose -2*c - 4*b + 2*b + 18 = 0, -22 = -2*c - 4*b. Let o(m) = m**2 - 5*m. Let d be o(c). What is the greatest common factor of 42 and d?
14
Let z(s) = 4 + s - 2 - s**2 - 2*s. Let y be z(-2). Let i(b) = b**2 + b + 4. Let r be i(y). Calculate the highest common divisor of 12 and r.
4
Let r = -16 - -27. What is the greatest common factor of 88 and r?
11
Let v be (1/(-2))/(2/(-140)). Let y = v - 21. Calculate the highest common divisor of y and 7.
7
Suppose 0 = -y + 23 + 2. Let f be (-5)/(-15) + 29/3. Calculate the greatest common divisor of f and y.
5
Let n be (1 - (-2)/1)*1. Suppose -2*x + n*x = 2. Suppose 0 = -3*b + 4*w + 62, 5*b - 2*b = x*w + 64. What is the greatest common divisor of b and 176?
22
Suppose 0 = s + 8 + 8. Let d = -10 - s. Calculate the greatest common factor of d and 6.
6
Let d be 92 - 1 - (-18)/(-6). Calculate the greatest common factor of 8 and d.
8
Let h = 1 + 11. Calculate the highest common factor of 8 and h.
4
Suppose -2*g - 98 = -0*g. Let w be 58/14 + 7/g. What is the highest common divisor of w and 44?
4
Let i = 113 + -80. What is the greatest common divisor of i and 22?
11
Suppose -2*h = -5*v - 102 + 3, -3*h - 5*v + 186 = 0. Let z(j) = -j**2 - 24*j - 25. Let l be z(-22). What is the highest common divisor of h and l?
19
Suppose 2*b = b + 9. Suppose 2*r - 22 - 12 = 0. Let w = r - 8. What is the greatest common divisor of w and b?
9
Suppose c = 5*d - 6, 5*c + 0*d = 2*d + 85. Suppose -c = 4*f - 3. Let m be 2 - 2/f*0. Calculate the greatest common divisor of 10 and m.
2
Suppose 4*b = -v + 530 + 87, -461 = -3*b + v. Suppose 0 = 4*a - 3*a - 14. What is the highest common factor of b and a?
14
Let l be 81/(-2 + (-2)/(-4)). Let r = l - -78. What is the greatest common divisor of r and 264?
24
Let w(q) = -q**3 + 3*q**2 + 4*q + 4. Let v be w(4). Suppose -v*g + 164 = -100. Calculate the greatest common factor of g and 22.
22
Suppose p + p = 3*g + 16, -5*p - 5*g + 65 = 0. What is the greatest common divisor of p and 44?
11
Suppose 4*a - 9 = 11. Suppose 2*c - 3*f = -20, -a*c - f - 67 = -0*f. Let w = c + 45. What is the greatest common factor of w and 48?
16
Suppose -5*r = t - 94, -4*r - 5*t = -2*t - 84. Let u(k) = -k + 2. Let d be u(-7). Calculate the greatest common divisor of d and r.
9
Let y = 2 - -1. Suppose -y*q = 6 + 6, -5*x - 5*q = 10. Calculate the greatest common divisor of x and 16.
2
Let n = 8 - 4. Suppose -n*s - 4*k = -520, 3*k - 6*k - 666 = -5*s. Suppose 48 = 15*f - 11*f. What is the highest common factor of s and f?
12
Let z(x) = x - 1. Let h be (-6)/(0 + 6/(-4)). Let n be z(h). Suppose -5*t = c - 364, -4*t + 3*c + 60 = -n*t. Calculate the highest common factor of t and 8.
8
Let i = 25 - 14. Suppose 5 - 4 = b. Suppose -2*s + 3*s = b. What is the greatest common factor of s and i?
1
Let q(m) = -m**2 - 1 - 2*m - 3*m - m. Let z be q(-6). Let j be z/(2 - 91/45). Calculate the greatest common divisor of j and 5.
5
Let l be 2 - 1 - (-15 - -1). Let s = -5 + 17. Suppose -3*u = -4*o - 446, u - 164 + s = -2*o. What is the highest common divisor of u and l?
15
Let w be (-60)/18*(-18)/10. Calculate the greatest common factor of w and 66.
6
Let l be 130/60 - 2/12. Let j be l*((-5 - -3) + 22). Calculate the greatest common factor of j and 5.
5
Suppose 0*v - 2*v + 8 = 0. Let c be (-24)/(-16) + 22/v. What is the highest common divisor of 7 and c?
7
Suppose -4 = -2*z - 36. Let g = z + 66. What is the greatest common factor of g and 125?
25
Let o(k) = -2*k**2 - k + 10. Let j be o(0). What is the greatest common divisor of 10 and j?
10
Let o = 1 + 19. Let n be (-15)/(-12)*4*o. What is the highest common factor of n and 25?
25
Let g = -12 + 19. Calculate the greatest common divisor of g and 14.
7
Let k = 100 + -56. What is the highest common divisor of 110 and k?
22
Suppose -4*b + b + f + 21 = 0, 4*b + 4*f = 44. Calculate the highest common divisor of b and 56.
8
Suppose 0 = -4*m + 15 - 3. Let q = m - -1. Suppose 3*w + 2 = -4*c, 5*w + 5*c - 4 = 1. Calculate the greatest common factor of q and w.
2
Let w = 39 + -15. What is the highest common factor of w and 60?
12
Suppose -5*n + 155 = 5*c, -3*c + 5*n + 30 = -39. Suppose 41 = 3*a - c. Let q = -96 - -165. Calculate the highest common divisor of q and a.
23
Let y be 8 + (0 - -1*2). Let a = 3 + -3. Let b be 2/(6/15 - a). Calculate the greatest common factor of y and b.
5
Suppose -4*k + 5*o = -28, 0 = -0*k + 5*k + o - 64. Suppose -2*u - 9 + 45 = 0. Calculate the greatest common factor of u and k.
6
Let x be (-2 + -1 + 2)*0. Suppose x*j = 4*j - 8. Suppose 4*y + 5*s - 43 = 0, 5 = -j*y - 5*s + 24. What is the highest common divisor of y and 60?
12
Suppose 3*z - 136 = -z. Let a = -16 + z. What is the greatest common factor of a and 54?
18
Let f be (-2)/(-2 + (-24)/(-11)). Let m = f + 22. Calculate the highest common factor of 77 and m.
11
Suppose 3*z - 36 = 2*z - 3*v, -4*z + 144 = 3*v. Suppose 0 = -4*a + 132 - z. What is the greatest common divisor of a and 6?
6
Suppose 4*s + 55 + 13 = 0. Let w = s + 33. Calculate the highest common divisor of 48 and w.
16
Suppose 1143 + 425 = 14*x. Suppose -2*d + d + 16 = -v, 2*d + 5*v - 32 = 0. Calculate the highest common factor of d and x.
16
Suppose -2*r = -2*h + 10, -48 = -4*h - r - 2*r. What is the greatest common divisor of h and 3?
3
Let l be 96/24*(0 - 7/(-2)). Let w be ((-5)/4)/((-2)/8). Suppose w*z + 117 = 4*k, -4*z = z + 5. Calculate the highest common factor of k and l.
14
Let h be 1/(-3) + 363/9. What is the greatest common divisor of 20 and h?
20
Let z = 49 + -25. What is the highest common factor of z and 96?
24
Let r be (-39)/(-9) + 1/(-3). Suppose -5*c = 1 - 6. Calculate the greatest common factor of r and c.
1
Let s be ((-16)/(-3))/((-2)/(-9)). Let p(a) = -a + 23. Let n be p(7). What is the highest common factor of s and n?
8
Let p(r) = r**2 + r - 9. Let g be p(10). Suppose -119 = -5*t - 2*a + 5, -4*t - a + g = 0. Calculate the highest common divisor of t and 286.
26
Suppose 0 = -p - 2*p. Suppose 0 = q - p*q - 48. What is the highest common divisor of 32 and q?
16
Let l(k) = k - 9. Let p(o) = 0 + 0 - 10. Let b(q) = 5*l(q) - 4*p(q). Let n be b(4). Calculate the highest common factor of n and 45.
15
Suppose -l - 2 = -4. What is the highest common factor of 1 and l?
1
Suppose -1204 = -4*l + 2*b, -3*l + b + 901 = -0*l. Suppose 0 = 4*h - 5*p - 619, 4*h + 2*p - 355 = l. What is the highest common factor of 23 and h?
23
Suppose -3*o + 2*f = -1226, 2*f = -0*f - 2. Suppose q + 2*q = o. What is the highest common factor of 17 and q?
17
Let b(v) = -v**2 + 10*v + 23. Let o be b(11). What is the greatest common divisor of o and 84?
12
Suppose 0 = -0*f + f - 3. Suppose 0 = f*o - 22 - 20. Calculate the highest common factor of 7 and o.
7
Suppose 0 = v - 0*v + 186. Let g be -3 - (-4)/((-8)/v). What is the greatest common divisor of 10 and g?
10
Let z = -29 + 19. Let b = z - -17. Calculate the greatest common divisor of 35 and b.
7
Suppose 0 = -16*f + 17*f - 2. Suppose -10 = 5*v, -f*q + 2*v + 2*v + 80 = 0. Let g be (-2)/(-8) + 70/8. Calculate the highest common divisor of g and q.
9
Let l = -27 + -28. Let i = 143 + l. Calculate the greatest common divisor of i and 8.
8
Suppose 0 = -c - 2*c + 12, -4*u + 4*c + 44 = 0. Suppose a - 23 = -14. Let k = a + 6. What is the greatest common factor of u and k?
15
Let w(a) = -2*a - 4. Suppose 0 = -2*b - l + 3, -4*b - 2*l + 11 = -l. Let r be 18/b*16/(-12). Let y be w(r). What is the highest common factor of y and 40?
8
Suppose -2*b + 5*w = -b - 278, -w - 1017 = -4*b. Let j(d) = -d**3 - 10*d**2 - 12*d - 4. Let k be j(-9). What is the highest common factor of k and b?
23
Suppose 10 + 5 = 5*a. Suppose a*f + 5*j + 7 = 2*f, -2*j - 6 = 0. Calculate the greatest common divisor of f and 88.
8
Suppose 0 = 10*f - 5*f - 75. What is the highest common divisor of f and 5?
5
Let a be 3*(1280/(-12))/(-4). Let g(s) = 2*s. Let l be g(5). Calculate the greatest common factor of a and l.
10
Let z = -18 - -26. Let x(y) = 0*y**2 + 90*y**3 - 18*y**3 - y**2 + 1. Let g be x(1). What is the greatest common factor of g and z?
8
Let i = -2 + 8. Suppose b - 208 = -5*k, 5*b + 178 = 4*k - 0*k. Calculate the greatest common divisor of k and i.
6
Let x be (-12)/(-16)*4*4. Calculate the greatest co